0?
-2440897
In base 13, what is 21708040 + 2?
21708042
In base 9, what is -112714561 + 10?
-112714551
In base 11, what is 6580a43 - -4?
6580a47
In base 2, what is 1011101001100100001000 - 1011100?
1011101001100010101100
In base 5, what is 1400 + -11422220?
-11420320
In base 3, what is 12001001101002211010 + 11?
12001001101002211021
In base 16, what is 55 - -ead6?
eb2b
In base 7, what is -13036 + -11361?
-24430
In base 9, what is 27 + -4617045?
-4617017
In base 14, what is -145 - -11a09?
118a4
In base 15, what is -a4a0a5 - 3?
-a4a0a8
In base 4, what is -21302 - 20033212?
-20121120
In base 12, what is -3029 + -9b9?
-3a26
In base 11, what is 974429 + a?
974438
In base 9, what is 463411 - 650?
462651
In base 5, what is -21424 - -21040020?
21013041
In base 13, what is 1868b4 + -9?
1868a8
In base 5, what is 100 - -3143323010?
3143323110
In base 14, what is 5 - -63c40da?
63c4101
In base 3, what is -111012120 + -11011?
-111100201
In base 4, what is 3331130013 + -110?
3331123303
In base 4, what is 1102303032011 - -10?
1102303032021
In base 6, what is -15543 - -1501131?
1441144
In base 16, what is -9d58 + 89?
-9ccf
In base 6, what is -152134351 - 12?
-152134403
In base 15, what is 4 + 28ba01e?
28ba023
In base 6, what is -1242200240 + 0?
-1242200240
In base 11, what is -41895a - 7?
-418966
In base 16, what is -1b756 - ad?
-1b803
In base 8, what is -4 + 25513646?
25513642
In base 10, what is -103 + 93787?
93684
In base 11, what is 3 - 7145082?
-714507a
In base 7, what is 1236210 + -11?
1236166
In base 15, what is 3a4b19 - -5?
3a4b1e
In base 10, what is 115 - -8017?
8132
In base 6, what is -202204 + -30511?
-233115
In base 13, what is c1 - -a6a6a?
a6b5b
In base 6, what is -5 - 102214145?
-102214154
In base 14, what is -c2da6 + -b5?
-c307b
In base 7, what is -54443164 - 1?
-54443165
In base 10, what is -73537777 - -5?
-73537772
In base 12, what is 1275448 - -8a?
1275516
In base 2, what is 1000010001001001 - 101011100?
1000001011101101
In base 8, what is -4306410 + 136?
-4306252
In base 11, what is 54059 - 69?
53aa0
In base 3, what is -110210011102001 - 1?
-110210011102002
In base 8, what is -315045 + 174?
-314651
In base 11, what is -17963976 + 1?
-17963975
In base 12, what is 7229 - -6a621?
7584a
In base 13, what is -2 - 252a0542?
-252a0544
In base 6, what is 10 - 3314020430?
-3314020420
In base 13, what is 2bc5c7 - -a?
2bc604
In base 14, what is 1291c + -95a4?
7358
In base 7, what is 4343 - 15403?
-11030
In base 15, what is -4 + -3116a?
-3116e
In base 8, what is 4454210 - 430?
4453560
In base 14, what is 1200 - 14863?
-13663
In base 7, what is 0 - -40041156?
40041156
In base 6, what is 1223 + 1013311?
1014534
In base 12, what is 42 + 144abb7?
144b039
In base 13, what is 1a01a - -53?
1a070
In base 12, what is 4 + -12426463?
-1242645b
In base 3, what is -11 + -110211002110010022?
-110211002110010110
In base 3, what is -120 - 12121212012?
-12121212202
In base 4, what is -133 + -313020?
-313213
In base 15, what is -979 + -755?
-11ce
In base 8, what is -1133655 - -4457?
-1127176
In base 15, what is c25a7d0 + -5?
c25a7ca
In base 14, what is -3 + 5dd49a?
5dd497
In base 14, what is -1331269a - -2?
-13312698
In base 12, what is 2306 - 4421?
-2117
In base 7, what is -400 + -4521451?
-4522151
In base 6, what is -2 - 1032312154?
-1032312200
In base 4, what is 3331122 - 33120?
3232002
In base 9, what is -136808001 + -2?
-136808003
In base 3, what is 1020000211221100 - 1?
1020000211221022
In base 11, what is -343340 - 52?
-343392
In base 11, what is 2477192 - -1?
2477193
In base 16, what is 1d581bb + 1?
1d581bc
In base 8, what is -41 - -47250?
47207
In base 16, what is 77973bc + -5?
77973b7
In base 8, what is 734 - 123665?
-122731
In base 14, what is -8833 - -817?
-801a
In base 7, what is 220113456 + 3?
220113462
In base 2, what is -100101101 + 1001100111101?
1001000010000
In base 11, what is -453 - -37239?
36896
In base 14, what is 711 + -11927?
-11216
In base 13, what is -99a387 + c?
-99a378
In base 3, what is 210101020 + 1100120?
211201210
In base 8, what is -546416 + -37?
-546455
In base 13, what is -1a3bc7 - -33?
-1a3b94
In base 5, what is 33042320 + 30?
33042400
In base 2, what is 110010001001 - -111010010100000001?
111011000110001010
In base 9, what is -28835574 - -6?
-28835567
In base 3, what is 102 - -200211120002222?
200211120010101
In base 12, what is -84 + -30388ab?
-3038973
In base 4, what is 20323002 - 3231?
20313111
In base 4, what is 1211 - -3013031?
3020302
In base 8, what is 6577757 - -35?
6600014
In base 10, what is -422 - -509708?
509286
In base 12, what is 89 + -82522b?
-825162
In base 14, what is -40ad75 - 0?
-40ad75
In base 13, what is 2109544 - -28?
210956c
In base 15, what is 8539d1be + 2?
8539d1c1
In base 7, what is 10 + 1312302063?
1312302103
In base 12, what is 0 - b59403?
-b59403
In base 3, what is -10120201 + -111012002?
-121202210
In base 2, what is 1010110011001010100001011 + -101?
1010110011001010100000110
In base 5, what is -3214314 + -220403?
-3440222
In base 4, what is 2130332 + 121122?
2312120
In base 3, what is -12 + 110120011212112120?
110120011212112101
In base 13, what is -1c3a - -227a?
340
In base 4, what is -13002 - 1332133?
-2011201
In base 8, what is -3 + -37175210?
-37175213
In base 14, what is 1907 + 132?
1a39
In base 7, what is -35210 - 51510?
-120020
In base 7, what is -1426405 - -203?
-1426202
In base 12, what is 1157 + -19514?
-18379
In base 11, what is -10393293 + 5?
-10393289
In base 11, what is 25 + -8831480?
-8831456
In base 8, what is -10 - 130515235?
-130515245
In base 2, what is 1001010000100011 + 11010110?
1001010011111001
In base 4, what is -23113100 + 221222?
-22231212
In base 8, what is -1 + -16713143?
-16713144
In base 6, what is 131 + -231402315?
-231402144
In base 4, what is 1 + -30210131101022?
-30210131101021
In base 9, what is 4806 + 756?
5663
In base 15, what is 3a7227 - -3?
3a722a
In base 5, what is 1343 + 234042?
240440
In base 13, what is 63533109 - 5?
63533104
In base 14, what is -46b74 + 23?
-46b51
In base 4, what is -3322100 + -3200?
-3331300
In base 5, what is -20 + -2431331100?
-2431331120
In base 6, what is -2 - -225331133?
225331131
In base 5, what is -4 + -1422040240?
-1422040244
In base 16, what is -a0a70f - -4?
-a0a70b
In base 7, what is 2 + -13521542?
-13521540
In base 15, what is b + 528744?
528750
In base 10, what is -91046417 - 6?
-91046423
In base 16, what is -1 + -34eebb?
-34eebc
In base 5, what is -3120 + -42024?
-100144
In base 8, what is 10 - 27244437?
-27244427
In base 7, what is -10502320 + 35?
-10502252
In base 7, what is -2 + -24455114?
-24455116
In base 12, what is 108 + -9224?
-9118
In base 10, what is 10043526 - 2?
10043524
In base 7, what is 3521624 - 30?
3521564
In base 16, what is -4 + 1501e?
1501a
In base 8, what is 117 + -1052544?
-1052425
In base 5, what is -3 - -120104314?
120104311
In base 10, what is -5 + 83794?
83789
In base 2, what is 1011010001100011001111111101 - 10?
1011010001100011001111111011
In base 11, what is -967a975a + 5?
-967a9755
In base 11, what is -8397a66 + -2?
-8397a68
In base 7, what is -3 - -335152021?
335152015
In base 10, what is 54 - -65554?
65608
In base 4, what is -2 - 1123222311333?
-1123222312001
In base 10, what is 41914026 - 11?
41914015
In base 13, what is 53b8 - 6c?
5349
In base 12, what is -5052b + -319b?
-5370a
In base 8, what is -567274 - -7702?
-557372
In base 7, what is -1 - -15601205?
15601204
In base 16, what is -e05c2 + 0?
-e05c2
In base 8, what is -13125467002 - -2?
-13125467000
In base 8, what is -12 - -44243275?
44243263
In base 13, what is 55ac57 - -10?
55ac67
In base 7, what is 242345 + 22?
242400
In base 13, what is -14440 - 314?
-14754
In base 7, what is 0 + 50004366?
50004366
In base 15, what is 4308c5 + 1?
4308c6
In base 10, what is 0 - 2718514?
-2718514
In base 4, what is 1 - 101301211021?
-101301211020
In base 4, what is 1120110323031 - 1?
1120110323030
In base 6, what is -515 - -541311?
540352
In base 13, what is -c28076b - -2?
-c280769
In base 9, what is -5 - -31423801?
31423785
In base 7, what is 3 + -12540650256?
-12540650253
In base 2, what is 110000110111110100 - 1010010?
110000110110100010
In base 9, what is -846041 - 572?
-846623
In base 9, what is 7 - 70268856?
-70268848
In base 15, what is 5 + -10474